w(u) = -8*u + 1. Let g(x) = f*w(x) - 6*d(x). Suppose 5*l = 5*t - 35, -5*l + 2*t = -0*t + 20. Determine g(l).
5
Let g(u) = u**2 - 2. Let n be g(-2). Let x(c) = 5*c - 3 + c**n + 3. Calculate x(-4).
-4
Let x = 131 - 137. Let w(d) = -d - 2. Calculate w(x).
4
Let m(l) = l - 1. Let n(z) = z**2 + 6*z - 10. Let u(p) = -4*m(p) + n(p). What is u(4)?
18
Let v(u) be the first derivative of 0*u**3 + 3 - 2*u + 5/12*u**4 - 2*u**2 + 1/20*u**5. Let a(i) be the first derivative of v(i). Give a(-5).
-4
Let q(i) = -i**3 + 4*i**2 + 4*i - 1. Let y(b) = 3*b**3 + 2*b**2 - 2*b + 1. Let w be y(1). What is q(w)?
15
Let m(s) be the third derivative of 0 - s**3 - 1/24*s**4 - 2*s**2 + 0*s. Calculate m(0).
-6
Let g(h) = 6*h - 16. Let z(f) = f - 1. Let c(x) = -g(x) + 8*z(x). Determine c(-6).
-4
Let k(t) = -t. Let v(u) = -2*u - 1. Let s(c) = k(c) - v(c). Calculate s(4).
5
Let y(k) be the first derivative of -4*k**3 - k**2/2 + 4. Calculate y(-1).
-11
Let d(i) = i**2 + 5*i - 3. Suppose 0*n - 4*n = 4*q, 3*n - 28 = 4*q. Determine d(q).
-7
Let h be (-19)/(-7) - (-6)/21. Let s(p) = -p**3 + 2*p**3 + p - 3*p**2 + 0*p - 1. Give s(h).
2
Suppose 0*o = -4*o + 5*r - 25, o + 2*r + 3 = 0. Let c(j) = -2*j - 5. Give c(o).
5
Let f(l) be the second derivative of l**4/12 - 2*l**3/3 + 2*l**2 + 9*l. What is f(4)?
4
Let y(c) = -c**3 + 4*c**2 - 4*c + 2. Let a(g) = -g + 7*g**2 + 0 + 0 + 1. Let h be a(1). Suppose -5*s + 11 = 2*u, 3*u + s - 3 - h = 0. Determine y(u).
-1
Let i(l) = 53*l**2 - 21*l**2 - 31*l**2 - 4*l. Let g(u) = 3*u**3 + 2*u**2 - u. Let r be g(1). Give i(r).
0
Let r(v) be the first derivative of -v**4/4 - 4*v**3/3 + v**2/2 + 2*v - 1. Suppose p = -4*p + 10. Suppose p*w = -w - 12. What is r(w)?
-2
Let k(h) = -8*h**2 + h. Suppose 5 = c + 1. Let n(o) = o - 5. Let s be n(c). Calculate k(s).
-9
Let s(w) = -w. Suppose 7 + 13 = -4*a. Give s(a).
5
Let s(v) = -15*v - 1. Suppose 12 = -20*a + 8*a. Determine s(a).
14
Let n(m) be the first derivative of m**6/360 + m**5/24 + 5*m**4/24 + 4*m**3/3 + 8. Let l(x) be the third derivative of n(x). What is l(-5)?
5
Suppose 0 = -4*w + 8 - 0. Suppose w*l - 4*l = 8. Let j(d) be the second derivative of -d**5/20 - d**4/3 - d**3/6 + 3*d**2/2 - 4*d. What is j(l)?
7
Let u be ((-12)/10)/((-2)/20). Let r be u/16 - (-27)/12. Let o(d) = -2*d**2 + 4*d - 1. Determine o(r).
-7
Let z(v) = 3*v**3 - 5*v**2 + 9. Let f(t) = t**3 - 3*t**2 + 4. Suppose -u = -4*u + 15. Let p(s) = u*f(s) - 2*z(s). Determine p(-5).
2
Let t(l) = l + 19 + 28 - 47. Calculate t(-2).
-2
Let w = 2 + -2. Let n(k) = -5*k. Let v(r) = 8*r + 1. Let s(o) = 5*n(o) + 3*v(o). What is s(w)?
3
Let i(a) = -a. Let y be i(-6). Suppose y*v = v + 15. Let x(j) = 1 + 3*j**2 - 2*j**v + 0*j**2 + j**3 - 2*j. Give x(2).
1
Let q(c) = -3*c**2 - 3*c. Let u(h) = -h**2 - h. Let o(d) = -6*q(d) + 17*u(d). What is o(-3)?
6
Let v(m) = -m - 13. Suppose -4*s = -x + 5*x + 52, 2 = 2*x - 5*s. Determine v(x).
-4
Let i(x) be the second derivative of x**6/720 + x**5/60 - x**4/12 - 2*x. Let v(p) be the third derivative of i(p). Calculate v(-3).
-1
Let x(s) = -4 + 2*s**2 - 3*s + 5*s + 0. Suppose -b + 4 = -4*h + 3*b, -4*b + 1 = -3*h. What is x(h)?
8
Let q(r) be the second derivative of r**5/20 + r**4/3 - r**3/2 + 2*r**2 - 11*r. Let p(u) = -4*u**2 + 2*u + 1. Let g be p(-1). Determine q(g).
-6
Let d(s) = -6*s**3 - 2*s**2 + 3*s + 2. Let i(q) = -q**3. Let b(w) = -d(w) + 5*i(w). Calculate b(-2).
4
Suppose 3*g - 15 = -5*q, 0 = -4*g + 4*q - 3*q - 3. Let s(u) = u**3 + u**2 + u - 4. Determine s(g).
-4
Let j be (-12)/48 - 1/(-4). Let k(o) = -o**3 + o**2 + o - 1. Determine k(j).
-1
Suppose 0 = 5*z + 13 + 2. Let n(b) = b**3 + 3*b**2 - 3*b - 2. Determine n(z).
7
Let t(l) = -17*l**3 + l**2. Let h be 14/16 - 9/(-72). Determine t(h).
-16
Let v(y) be the second derivative of 0*y**2 + 1/12*y**4 + 0*y**3 + 1/360*y**6 + 1/120*y**5 - 2*y + 0. Let t(w) be the third derivative of v(w). Calculate t(-3).
-5
Let x(m) = -m + 16. Let f be x(9). Let b(v) = v**3 - 6*v**2 - 8*v - 2. Calculate b(f).
-9
Let a be 2 - (-106)/(3/3). Let s be a/(-24)*(-4)/(-3). Let b(p) = -p - 13. Determine b(s).
-7
Let g(n) = -6*n - 10. Let c(r) = -7*r - 11. Let t(k) = -5*c(k) + 6*g(k). Determine t(-6).
1
Let j(a) = -a**3 - 7*a**2 - 4*a + 7. Let s be -4 - (4 - 6)/(-1). Give j(s).
-5
Let g(h) = 2*h - 2. Let c be (1 - -1)/(2/15). Let d be 10/c*(-6)/1. Let b be (1 - (-10)/d)*2. What is g(b)?
-8
Let i = 21 + -14. Suppose 5*t + 23 = 3*r + i, -4*r - 2 = -2*t. Let j(n) = -n - 4. Calculate j(t).
1
Suppose 5*p - 2*m = m + 86, -2*m = 3*p - 44. Let n = p - 10. Let t(u) = u - 6. Determine t(n).
0
Let n(o) = -o**2 - o - 1. Let t(s) = -5*s**2 - 6*s - 3. Let z(j) = 4*n(j) - t(j). Determine z(-3).
2
Let u(h) = h + 4. Suppose 3 = -3*f, -2*q + 0*f + 5*f = -1. What is u(q)?
2
Let p(r) = r**2 - 4*r - 4. Let q = 39 - 34. What is p(q)?
1
Let g(v) = 7*v - 12. Let r(j) = -38*j + 62. Let h(d) = 11*g(d) + 2*r(d). Let n = -3 + 10. Give h(n).
-1
Let l(d) = -2*d**2 + 3*d - 2. Let s(g) = -2*g - 21. Let z be s(-12). Determine l(z).
-11
Suppose -4*s - h + 35 = 4*h, 16 = 2*s + 2*h. Suppose 3*f = s*m + 32, f = m - 0 + 8. Let w(a) = -a**3 - 4*a**2 - 2*a - 5. What is w(m)?
3
Suppose -u + 5*h + 21 = -5*u, -2*u = 3*h + 11. Let l(p) = 3*p - 4 + 0*p - 5. Let o(i) = 1. Let z(m) = l(m) + 15*o(m). Determine z(u).
-6
Let z = 85 + -91. Let a(o) = -o**3 - 7*o**2 - 7*o - 4. Calculate a(z).
2
Let z(h) be the second derivative of h**4/12 + 4*h**3/3 - h**2/2 + 16*h. What is z(-7)?
-8
Let x = -73 + 108. Suppose -3*w + 7 - 23 = 2*j, -5*j = 5*w + x. Let l(s) be the second derivative of s**4/6 + s**3/6 + s**2/2 - s. Give l(w).
7
Let w = 17 + -12. Suppose 9 + 6 = -w*b. Let c(s) = -s + 3. Determine c(b).
6
Let r(f) = f**3 + 4*f**2 + 2*f + 3. Suppose -5*m - 5*v = 5, -m - 5*v = -0*v - 11. Calculate r(m).
-5
Let p = 7 + -5. Suppose -3*t + 22 = p*z, -2*t - 45 = -5*z - 7*t. Let c(w) = w**3 - 4*w**2 - 4*w. Give c(z).
5
Let m = 30 - 28. Let x(i) = -i + 2. What is x(m)?
0
Suppose -3 = -3*b, -b = -3*j + 3*b + 2. Let l(r) = 0*r**j - r**2 + 4*r**2. What is l(1)?
3
Let i(o) = -5*o**2 + 19*o - 2. Let j(r) = 3*r**2 - 10*r + 1. Let s(c) = -6*i(c) - 11*j(c). Determine s(-3).
-14
Let n(v) = -v**3 + 5*v**2 + v + 4. Suppose 2*m - 19 = 2*d - 1, 2*m + 5*d = -10. Give n(m).
9
Let a be 13 - (-1)/(0 - 1). Suppose 0*m = 3*c + 3*m + a, -2*c - 15 = -5*m. Let j(p) = -p**2 - 5*p + 1. What is j(c)?
1
Suppose -3*g + 6 = -0*g + 5*c, 0 = -3*g - 3*c + 6. Let l = 7 + -7. Let i(m) = 4 + m + 2*m**2 - 3*m**2 + l*m**g. What is i(3)?
-2
Suppose -6*q - 15 = -3*q. Let t(r) = -r**3 - 6*r**2 - 5*r - 4. Calculate t(q).
-4
Let g = 7 - 4. Suppose 2*a = 5*a - g. Let z(p) = -6 + 6 + p + 3*p**3. Give z(a).
4
Suppose -4*z = -b, 2*z + 0*z = 0. Let t(x) be the third derivative of 1/30*x**6 + 2*x**2 + 0*x + b + 0*x**3 + 0*x**5 - 1/24*x**4. Give t(1).
3
Let p(z) = 11 - 7*z - 1 + 9*z. Calculate p(-8).
-6
Let n(p) = -4*p + 10. Let k be n(4). Let m(b) = -b**3 - 6*b**2 + b + 8. Determine m(k).
2
Let w be 3 + 3 + -4 + 0. Let s be 14/4 - 1/2. Suppose -x = s*g - 20, 4*g + 2 = w*x + 12. Let u(r) = r. Give u(x).
5
Let v(a) = -a - 1 + 0*a + 5. Let m be v(4). Let z(p) be the third derivative of p**6/120 - p**4/24 - 47*p**2. Calculate z(m).
0
Let y(p) = -p**3 - 4*p**2 + 4*p - 4. Let d = -35 - -30. Determine y(d).
1
Let w(g) = 6*g**2 - 1 + 0 + g**3 - 2 + 3*g - 3. Calculate w(-5).
4
Suppose -u - 5 = -3, 4*u = -k - 1. Let y(r) = r**2 - 7*r - 8. What is y(k)?
-8
Let l(g) = -3*g - 1. Let f(c) = 2*c. Let z(s) = -4*f(s) - 3*l(s). Give z(-5).
-2
Let t(o) = -o**2 - 7*o - 1. Let g(y) = y**3 + 7*y**2 + 6*y - 6. Let z be g(-6). Calculate t(z).
5
Let r(p) = p**2 + 11*p + 3. Suppose 28*w = 30*w + 20. Let k be r(w). Let l(n) = n**2 + 6*n - 6. What is l(k)?
1
Let h(d) = d**2 - 4*d - 6. Let q be 1/2*(143 + 13). Let j be q/15 - (-3)/(-15). What is h(j)?
-1
Suppose -l - 9 = 3*k, 3*l - 2*k - 2*k = -14. Let g(m) be the third derivative of -m**5/60 - m**4/3 - 5*m**3/6 + 33*m**2. Calculate g(l).
7
Let n(k) = 4*k**2 + 9*k + 5. Let a(m) = 2*m**2 + 4*m + 3. Let c(h) = -7*a(h) + 4*n(h). Determine c(-6).
23
Let r be 2/(-5) + (-530)/(-1200). Let b(w) be the third derivative of -w**2 - r*w**4 + 0*w - 1/6*w**3 + 0. Determine b(-1).
0
Let f(x) = 2*x + 6. Suppose -7*n + 23 - 58 = 0. Calculate f(n).
-4
Let v(b) = 3 - 2*b + b - 1. Let r be 75/27 + 2